{"id":2,"date":"2021-08-01T12:21:16","date_gmt":"2021-08-01T11:21:16","guid":{"rendered":"https:\/\/rafeirosdoalentejo.eu\/pt\/?page_id=2"},"modified":"2026-02-11T14:33:05","modified_gmt":"2026-02-11T14:33:05","slug":"home","status":"publish","type":"page","link":"https:\/\/rafeirosdoalentejo.eu\/pt\/","title":{"rendered":"O Rafeiro do Alentejo"},"content":{"rendered":"\n<p style=\"font-size:15px\">O <a href=\"https:\/\/pt.wikipedia.org\/wiki\/Rafeiro_do_Alentejo\" target=\"_blank\" rel=\"noreferrer noopener\">Rafeiro do Alentejo<\/a> \u00e9 tamb\u00e9m conhecido como o mastim portugu\u00eas. \u00c9 um c\u00e3o grande com uma cabe\u00e7a imensa e uma boca poderosa. O Rafeiro \u00e9, portanto, um c\u00e3o bastante intimidante para observar. Juntar esta apar\u00eancia com a sua natureza defensiva e corajosa. N\u00e3o \u00e9, portanto, surpreendente que esta ra\u00e7a tenha sido utilizada ao longo dos anos como protectora do gado, inclusive contra o lobo. Hoje em dia, \u00e9 utilizado principalmente como c\u00e3o de guarda.<\/p>\n\n\n\n<p style=\"font-size:15px\">Devido ao seu tamanho e coragem, foi utilizado principalmente por pastores. Os rebanhos foram expostos a numerosos perigos durante as longas viagens. E assim, nas viagens \u00e0s montanhas no Ver\u00e3o e de volta \u00e0s plan\u00edcies no Inverno, os rebanhos eram acompanhados por estes grandes c\u00e3es. Como resultado, a ra\u00e7a propagou-se de uma regi\u00e3o para outra.<br>Isto explica a chegada deste poderoso c\u00e3o \u00e0s plan\u00edcies alentejanas. Desde os finais do s\u00e9culo XIX que se chama o Rafeiro do Alentejo.<\/p>\n\n\n\n<p style=\"font-size:15px\">O Rafeiro do Alentejo \u00e9 est\u00f3ico por natureza e trabalha fortemente. Ficar\u00e1 no campo durante horas sem questionar a tarefa em m\u00e3os. No entanto, podem ser teimosos e independentes, pelo que ele n\u00e3o facilitar\u00e1 as coisas ao seu treinador. O Rafeiro ganhou reputa\u00e7\u00e3o como um &#8220;gigante gentil&#8221;. \u00c9, portanto, conhecido por ser gentil com as crian\u00e7as e, apesar do seu tamanho e com a forma\u00e7\u00e3o adequada, pode ser um animal de estima\u00e7\u00e3o muito bom para a fam\u00edlia.<\/p>\n\n\n\n<p><img loading=\"lazy\" width=\"343\" height=\"383\" class=\"wp-image-25\" style=\"width: 200px;\" src=\"https:\/\/rafeirosdoalentejo.eu\/pt\/wp-content\/uploads\/sites\/2\/2021\/08\/Rafeiro-Alentejo-1.png\" alt=\"Rafeiro-Alentejo\" srcset=\"https:\/\/rafeirosdoalentejo.eu\/pt\/wp-content\/uploads\/sites\/2\/2021\/08\/Rafeiro-Alentejo-1.png 343w, https:\/\/rafeirosdoalentejo.eu\/pt\/wp-content\/uploads\/sites\/2\/2021\/08\/Rafeiro-Alentejo-1-269x300.png 269w, https:\/\/rafeirosdoalentejo.eu\/pt\/wp-content\/uploads\/sites\/2\/2021\/08\/Rafeiro-Alentejo-1-54x60.png 54w\" sizes=\"(max-width: 343px) 100vw, 343px\" \/><\/p>\n\n\n\n<div class=\"wp-container-1 wp-block-buttons\">\n<div class=\"wp-block-button has-custom-font-size is-style-outline\" style=\"font-size:15px\"><a class=\"wp-block-button__link has-white-color has-text-color has-background\" href=\"https:\/\/rafeirosdoalentejo.eu\/pt\/caracteristicas\/\" style=\"background-color:#046720\">Leia mais sobre as suas caracter\u00edsticas <\/a><\/div>\n<\/div>\n\n\n\n<p><\/p>\n\n\n\n<p><\/p>\n\n\n\n<p><\/p>\n\n\n\n<p><\/p>\n\n\n\n<p><\/p>\n\n\n\n<p><\/p>\n","protected":false},"excerpt":{"rendered":"<p>O Rafeiro do Alentejo \u00e9 tamb\u00e9m conhecido como o mastim portugu\u00eas. \u00c9 um c\u00e3o grande com uma cabe\u00e7a imensa e uma boca poderosa. O Rafeiro &hellip; <\/p>\n","protected":false},"author":1,"featured_media":0,"parent":0,"menu_order":0,"comment_status":"closed","ping_status":"closed","template":"","meta":[],"yoast_head":"<!-- This site is optimized with the Yoast SEO plugin v18.1 - https:\/\/yoast.com\/wordpress\/plugins\/seo\/ -->\n<title>O Rafeiro do Alentejo - A maior e mais bela ra\u00e7a de c\u00e3o em Portugal<\/title>\n<meta name=\"description\" content=\"O Rafeiro do Alentejo \u00e9 tamb\u00e9m conhecido como o mastim portugu\u00eas e tem sido utilizado em Portugal durante s\u00e9culos como protector do gado.\" \/>\n<meta name=\"robots\" content=\"index, follow, max-snippet:-1, max-image-preview:large, max-video-preview:-1\" \/>\n<link rel=\"canonical\" href=\"https:\/\/rafeirosdoalentejo.eu\/pt\/\" \/>\n<meta property=\"og:locale\" content=\"pt_PT\" \/>\n<meta property=\"og:type\" content=\"article\" \/>\n<meta property=\"og:title\" content=\"O Rafeiro do Alentejo - A maior e mais bela ra\u00e7a de c\u00e3o em Portugal\" \/>\n<meta property=\"og:description\" content=\"O Rafeiro do Alentejo \u00e9 tamb\u00e9m conhecido como o mastim portugu\u00eas e tem sido utilizado em Portugal durante s\u00e9culos como protector do gado.\" \/>\n<meta property=\"og:url\" content=\"https:\/\/rafeirosdoalentejo.eu\/pt\/\" \/>\n<meta property=\"og:site_name\" content=\"Rafeiros do Alentejo\" \/>\n<meta property=\"article:publisher\" content=\"https:\/\/www.facebook.com\/rafeirosdoalentejo\" \/>\n<meta property=\"article:modified_time\" content=\"2026-02-11T14:33:05+00:00\" \/>\n<meta property=\"og:image\" content=\"https:\/\/rafeirosdoalentejo.eu\/pt\/wp-content\/uploads\/sites\/2\/2021\/08\/Rafeiro-Alentejo-1.png\" \/>\n<meta name=\"twitter:card\" content=\"summary_large_image\" \/>\n<meta name=\"twitter:label1\" content=\"Tempo estimado de leitura\" \/>\n\t<meta name=\"twitter:data1\" content=\"2 minutos\" \/>\n<script type=\"application\/ld+json\" class=\"yoast-schema-graph\">{\"@context\":\"https:\/\/schema.org\",\"@graph\":[{\"@type\":\"WebSite\",\"@id\":\"https:\/\/rafeirosdoalentejo.eu\/pt\/#website\",\"url\":\"https:\/\/rafeirosdoalentejo.eu\/pt\/\",\"name\":\"Rafeiros do Alentejo\",\"description\":\"O maior e mais belo c\u00e3o de Portugal durante s\u00e9culos\",\"potentialAction\":[{\"@type\":\"SearchAction\",\"target\":{\"@type\":\"EntryPoint\",\"urlTemplate\":\"https:\/\/rafeirosdoalentejo.eu\/pt\/?s={search_term_string}\"},\"query-input\":\"required name=search_term_string\"}],\"inLanguage\":\"pt-PT\"},{\"@type\":\"ImageObject\",\"@id\":\"https:\/\/rafeirosdoalentejo.eu\/pt\/#primaryimage\",\"inLanguage\":\"pt-PT\",\"url\":\"https:\/\/rafeirosdoalentejo.eu\/pt\/wp-content\/uploads\/sites\/2\/2021\/08\/Rafeiro-Alentejo-1.png\",\"contentUrl\":\"https:\/\/rafeirosdoalentejo.eu\/pt\/wp-content\/uploads\/sites\/2\/2021\/08\/Rafeiro-Alentejo-1.png\",\"width\":343,\"height\":383,\"caption\":\"Rafeiro-Alentejo\"},{\"@type\":\"WebPage\",\"@id\":\"https:\/\/rafeirosdoalentejo.eu\/pt\/#webpage\",\"url\":\"https:\/\/rafeirosdoalentejo.eu\/pt\/\",\"name\":\"O Rafeiro do Alentejo - A maior e mais bela ra\u00e7a de c\u00e3o em Portugal\",\"isPartOf\":{\"@id\":\"https:\/\/rafeirosdoalentejo.eu\/pt\/#website\"},\"primaryImageOfPage\":{\"@id\":\"https:\/\/rafeirosdoalentejo.eu\/pt\/#primaryimage\"},\"datePublished\":\"2021-08-01T11:21:16+00:00\",\"dateModified\":\"2026-02-11T14:33:05+00:00\",\"description\":\"O Rafeiro do Alentejo \u00e9 tamb\u00e9m conhecido como o mastim portugu\u00eas e tem sido utilizado em Portugal durante s\u00e9culos como protector do gado.\",\"breadcrumb\":{\"@id\":\"https:\/\/rafeirosdoalentejo.eu\/pt\/#breadcrumb\"},\"inLanguage\":\"pt-PT\",\"potentialAction\":[{\"@type\":\"ReadAction\",\"target\":[\"https:\/\/rafeirosdoalentejo.eu\/pt\/\"]}]},{\"@type\":\"BreadcrumbList\",\"@id\":\"https:\/\/rafeirosdoalentejo.eu\/pt\/#breadcrumb\",\"itemListElement\":[{\"@type\":\"ListItem\",\"position\":1,\"name\":\"Home\",\"item\":\"https:\/\/rafeirosdoalentejo.eu\/pt\/\"},{\"@type\":\"ListItem\",\"position\":2,\"name\":\"O Rafeiro do Alentejo\"}]}]}<\/script>\n<!-- \/ Yoast SEO plugin. -->","yoast_head_json":{"title":"O Rafeiro do Alentejo - A maior e mais bela ra\u00e7a de c\u00e3o em Portugal","description":"O Rafeiro do Alentejo \u00e9 tamb\u00e9m conhecido como o mastim portugu\u00eas e tem sido utilizado em Portugal durante s\u00e9culos como protector do gado.","robots":{"index":"index","follow":"follow","max-snippet":"max-snippet:-1","max-image-preview":"max-image-preview:large","max-video-preview":"max-video-preview:-1"},"canonical":"https:\/\/rafeirosdoalentejo.eu\/pt\/","og_locale":"pt_PT","og_type":"article","og_title":"O Rafeiro do Alentejo - A maior e mais bela ra\u00e7a de c\u00e3o em Portugal","og_description":"O Rafeiro do Alentejo \u00e9 tamb\u00e9m conhecido como o mastim portugu\u00eas e tem sido utilizado em Portugal durante s\u00e9culos como protector do gado.","og_url":"https:\/\/rafeirosdoalentejo.eu\/pt\/","og_site_name":"Rafeiros do Alentejo","article_publisher":"https:\/\/www.facebook.com\/rafeirosdoalentejo","article_modified_time":"2026-02-11T14:33:05+00:00","og_image":[{"url":"https:\/\/rafeirosdoalentejo.eu\/pt\/wp-content\/uploads\/sites\/2\/2021\/08\/Rafeiro-Alentejo-1.png"}],"twitter_card":"summary_large_image","twitter_misc":{"Tempo estimado de leitura":"2 minutos"},"schema":{"@context":"https:\/\/schema.org","@graph":[{"@type":"WebSite","@id":"https:\/\/rafeirosdoalentejo.eu\/pt\/#website","url":"https:\/\/rafeirosdoalentejo.eu\/pt\/","name":"Rafeiros do Alentejo","description":"O maior e mais belo c\u00e3o de Portugal durante s\u00e9culos","potentialAction":[{"@type":"SearchAction","target":{"@type":"EntryPoint","urlTemplate":"https:\/\/rafeirosdoalentejo.eu\/pt\/?s={search_term_string}"},"query-input":"required name=search_term_string"}],"inLanguage":"pt-PT"},{"@type":"ImageObject","@id":"https:\/\/rafeirosdoalentejo.eu\/pt\/#primaryimage","inLanguage":"pt-PT","url":"https:\/\/rafeirosdoalentejo.eu\/pt\/wp-content\/uploads\/sites\/2\/2021\/08\/Rafeiro-Alentejo-1.png","contentUrl":"https:\/\/rafeirosdoalentejo.eu\/pt\/wp-content\/uploads\/sites\/2\/2021\/08\/Rafeiro-Alentejo-1.png","width":343,"height":383,"caption":"Rafeiro-Alentejo"},{"@type":"WebPage","@id":"https:\/\/rafeirosdoalentejo.eu\/pt\/#webpage","url":"https:\/\/rafeirosdoalentejo.eu\/pt\/","name":"O Rafeiro do Alentejo - A maior e mais bela ra\u00e7a de c\u00e3o em Portugal","isPartOf":{"@id":"https:\/\/rafeirosdoalentejo.eu\/pt\/#website"},"primaryImageOfPage":{"@id":"https:\/\/rafeirosdoalentejo.eu\/pt\/#primaryimage"},"datePublished":"2021-08-01T11:21:16+00:00","dateModified":"2026-02-11T14:33:05+00:00","description":"O Rafeiro do Alentejo \u00e9 tamb\u00e9m conhecido como o mastim portugu\u00eas e tem sido utilizado em Portugal durante s\u00e9culos como protector do gado.","breadcrumb":{"@id":"https:\/\/rafeirosdoalentejo.eu\/pt\/#breadcrumb"},"inLanguage":"pt-PT","potentialAction":[{"@type":"ReadAction","target":["https:\/\/rafeirosdoalentejo.eu\/pt\/"]}]},{"@type":"BreadcrumbList","@id":"https:\/\/rafeirosdoalentejo.eu\/pt\/#breadcrumb","itemListElement":[{"@type":"ListItem","position":1,"name":"Home","item":"https:\/\/rafeirosdoalentejo.eu\/pt\/"},{"@type":"ListItem","position":2,"name":"O Rafeiro do Alentejo"}]}]}},"_links":{"self":[{"href":"https:\/\/rafeirosdoalentejo.eu\/pt\/wp-json\/wp\/v2\/pages\/2"}],"collection":[{"href":"https:\/\/rafeirosdoalentejo.eu\/pt\/wp-json\/wp\/v2\/pages"}],"about":[{"href":"https:\/\/rafeirosdoalentejo.eu\/pt\/wp-json\/wp\/v2\/types\/page"}],"author":[{"embeddable":true,"href":"https:\/\/rafeirosdoalentejo.eu\/pt\/wp-json\/wp\/v2\/users\/1"}],"replies":[{"embeddable":true,"href":"https:\/\/rafeirosdoalentejo.eu\/pt\/wp-json\/wp\/v2\/comments?post=2"}],"version-history":[{"count":7,"href":"https:\/\/rafeirosdoalentejo.eu\/pt\/wp-json\/wp\/v2\/pages\/2\/revisions"}],"predecessor-version":[{"id":120,"href":"https:\/\/rafeirosdoalentejo.eu\/pt\/wp-json\/wp\/v2\/pages\/2\/revisions\/120"}],"wp:attachment":[{"href":"https:\/\/rafeirosdoalentejo.eu\/pt\/wp-json\/wp\/v2\/media?parent=2"}],"curies":[{"name":"wp","href":"https:\/\/api.w.org\/{rel}","templated":true}]}}

<p style="font-size:15px">O <a href="https://pt.wikipedia.org/wiki/Rafeiro_do_Alentejo" target="_blank" rel="noreferrer noopener">Rafeiro do Alentejo</a> é também conhecido como o mastim português. É um cão grande com uma cabeça imensa e uma boca poderosa. O Rafeiro é, portanto, um cão bastante intimidante para observar. Juntar esta aparência com a sua natureza defensiva e corajosa. Não é, portanto, surpreendente que esta raça tenha sido utilizada ao longo dos anos como protectora do gado, inclusive contra o lobo. Hoje em dia, é utilizado principalmente como cão de guarda.</p>



<p style="font-size:15px">Devido ao seu tamanho e coragem, foi utilizado principalmente por pastores. Os rebanhos foram expostos a numerosos perigos durante as longas viagens. E assim, nas viagens às montanhas no Verão e de volta às planícies no Inverno, os rebanhos eram acompanhados por estes grandes cães. Como resultado, a raça propagou-se de uma região para outra.<br>Isto explica a chegada deste poderoso cão às planícies alentejanas. Desde os finais do século XIX que se chama o Rafeiro do Alentejo.</p>



<p style="font-size:15px">O Rafeiro do Alentejo é estóico por natureza e trabalha fortemente. Ficará no campo durante horas sem questionar a tarefa em mãos. No entanto, podem ser teimosos e independentes, pelo que ele não facilitará as coisas ao seu treinador. O Rafeiro ganhou reputação como um &#8220;gigante gentil&#8221;. É, portanto, conhecido por ser gentil com as crianças e, apesar do seu tamanho e com a formação adequada, pode ser um animal de estimação muito bom para a família.</p>



<p><img loading="lazy" width="343" height="383" class="wp-image-25" style="width: 200px;" src="https://rafeirosdoalentejo.eu/pt/wp-content/uploads/sites/2/2021/08/Rafeiro-Alentejo-1.png" alt="Rafeiro-Alentejo" srcset="https://rafeirosdoalentejo.eu/pt/wp-content/uploads/sites/2/2021/08/Rafeiro-Alentejo-1.png 343w, https://rafeirosdoalentejo.eu/pt/wp-content/uploads/sites/2/2021/08/Rafeiro-Alentejo-1-269x300.png 269w, https://rafeirosdoalentejo.eu/pt/wp-content/uploads/sites/2/2021/08/Rafeiro-Alentejo-1-54x60.png 54w" sizes="(max-width: 343px) 100vw, 343px" /></p>



<div class="wp-container-1 wp-block-buttons">
<div class="wp-block-button has-custom-font-size is-style-outline" style="font-size:15px"><a class="wp-block-button__link has-white-color has-text-color has-background" href="https://rafeirosdoalentejo.eu/pt/caracteristicas/" style="background-color:#046720">Leia mais sobre as suas características </a></div>
</div>



<p></p>



<p></p>



<p></p>



<p></p>



<p></p>



<p></p>

<p>O Rafeiro do Alentejo é também conhecido como o mastim português. É um cão grande com uma cabeça imensa e uma boca poderosa. O Rafeiro &hellip; </p>

<!-- This site is optimized with the Yoast SEO plugin v18.1 - https://yoast.com/wordpress/plugins/seo/ -->
<title>O Rafeiro do Alentejo - A maior e mais bela raça de cão em Portugal</title>
<meta name="description" content="O Rafeiro do Alentejo é também conhecido como o mastim português e tem sido utilizado em Portugal durante séculos como protector do gado." />
<meta name="robots" content="index, follow, max-snippet:-1, max-image-preview:large, max-video-preview:-1" />
<link rel="canonical" href="https://rafeirosdoalentejo.eu/pt/" />
<meta property="og:locale" content="pt_PT" />
<meta property="og:type" content="article" />
<meta property="og:title" content="O Rafeiro do Alentejo - A maior e mais bela raça de cão em Portugal" />
<meta property="og:description" content="O Rafeiro do Alentejo é também conhecido como o mastim português e tem sido utilizado em Portugal durante séculos como protector do gado." />
<meta property="og:url" content="https://rafeirosdoalentejo.eu/pt/" />
<meta property="og:site_name" content="Rafeiros do Alentejo" />
<meta property="article:publisher" content="https://www.facebook.com/rafeirosdoalentejo" />
<meta property="article:modified_time" content="2026-02-11T14:33:05+00:00" />
<meta property="og:image" content="https://rafeirosdoalentejo.eu/pt/wp-content/uploads/sites/2/2021/08/Rafeiro-Alentejo-1.png" />
<meta name="twitter:card" content="summary_large_image" />
<meta name="twitter:label1" content="Tempo estimado de leitura" />
	<meta name="twitter:data1" content="2 minutos" />
<script type="application/ld+json" class="yoast-schema-graph">{"@context":"https://schema.org","@graph":[{"@type":"WebSite","@id":"https://rafeirosdoalentejo.eu/pt/#website","url":"https://rafeirosdoalentejo.eu/pt/","name":"Rafeiros do Alentejo","description":"O maior e mais belo cão de Portugal durante séculos","potentialAction":[{"@type":"SearchAction","target":{"@type":"EntryPoint","urlTemplate":"https://rafeirosdoalentejo.eu/pt/?s={search_term_string}"},"query-input":"required name=search_term_string"}],"inLanguage":"pt-PT"},{"@type":"ImageObject","@id":"https://rafeirosdoalentejo.eu/pt/#primaryimage","inLanguage":"pt-PT","url":"https://rafeirosdoalentejo.eu/pt/wp-content/uploads/sites/2/2021/08/Rafeiro-Alentejo-1.png","contentUrl":"https://rafeirosdoalentejo.eu/pt/wp-content/uploads/sites/2/2021/08/Rafeiro-Alentejo-1.png","width":343,"height":383,"caption":"Rafeiro-Alentejo"},{"@type":"WebPage","@id":"https://rafeirosdoalentejo.eu/pt/#webpage","url":"https://rafeirosdoalentejo.eu/pt/","name":"O Rafeiro do Alentejo - A maior e mais bela raça de cão em Portugal","isPartOf":{"@id":"https://rafeirosdoalentejo.eu/pt/#website"},"primaryImageOfPage":{"@id":"https://rafeirosdoalentejo.eu/pt/#primaryimage"},"datePublished":"2021-08-01T11:21:16+00:00","dateModified":"2026-02-11T14:33:05+00:00","description":"O Rafeiro do Alentejo é também conhecido como o mastim português e tem sido utilizado em Portugal durante séculos como protector do gado.","breadcrumb":{"@id":"https://rafeirosdoalentejo.eu/pt/#breadcrumb"},"inLanguage":"pt-PT","potentialAction":[{"@type":"ReadAction","target":["https://rafeirosdoalentejo.eu/pt/"]}]},{"@type":"BreadcrumbList","@id":"https://rafeirosdoalentejo.eu/pt/#breadcrumb","itemListElement":[{"@type":"ListItem","position":1,"name":"Home","item":"https://rafeirosdoalentejo.eu/pt/"},{"@type":"ListItem","position":2,"name":"O Rafeiro do Alentejo"}]}]}</script>
<!-- / Yoast SEO plugin. -->

O Rafeiro do Alentejo - A maior e mais bela raça de cão em Portugal

O Rafeiro do Alentejo é também conhecido como o mastim português e tem sido utilizado em Portugal durante séculos como protector do gado.

O maior e mais belo cão de Portugal durante séculos
